40515?
243155
In base 14, what is -6280 - -5?
-6279
In base 14, what is 27c8 - -55d8a?
58774
In base 10, what is -3787325 + -4?
-3787329
In base 16, what is -8e2e608 - 2?
-8e2e60a
In base 12, what is -949b9 - 6b?
-94a68
In base 10, what is 10 - -3680535?
3680545
In base 3, what is 101101221211 - -102?
101101222020
In base 3, what is 110100011 + -11002222101?
-10122122020
In base 6, what is 2011555043 - 20?
2011555023
In base 10, what is -9519 - -2078?
-7441
In base 11, what is -11 - 26a1?
-2702
In base 14, what is -10 - -628ca?
628ba
In base 14, what is -1b1c9b - -214?
-1b1a87
In base 15, what is -4571b9b - 3?
-4571b9e
In base 2, what is 0 - -1111001010101000100110001?
1111001010101000100110001
In base 7, what is 121 + 15320511?
15320632
In base 6, what is -10305433 + -2203?
-10312040
In base 4, what is 0 + 1221323111?
1221323111
In base 13, what is 81a08 - 5?
81a03
In base 13, what is 4 + -30ba725a?
-30ba7256
In base 6, what is -24304402510 + 3?
-24304402503
In base 4, what is 233 + 1322030322?
1322031221
In base 14, what is 15caac8c + 4?
15caac92
In base 2, what is -10111011111000110111011011 - 1?
-10111011111000110111011100
In base 14, what is -57c + 1288?
b0a
In base 13, what is -16018 - 1793?
-177ab
In base 14, what is -16359545 + -5?
-1635954a
In base 10, what is -2 + -21789751?
-21789753
In base 2, what is -1011111000101 - 11001101010?
-1111000101111
In base 11, what is -188a - 138aa?
-15689
In base 14, what is 3007 + -287?
2b60
In base 15, what is -19336 - 1e?
-19355
In base 5, what is 14432200342 + 1?
14432200343
In base 4, what is -2 - 213330333?
-213331001
In base 6, what is -324230 + 1044?
-323142
In base 6, what is -345 - 433505425?
-433510214
In base 14, what is c25c + -28?
c234
In base 2, what is -110001000011 - 11101100010101?
-100011101011000
In base 7, what is -263466320 + 2?
-263466315
In base 12, what is 2 + 14483446?
14483448
In base 10, what is -28601146 + -1?
-28601147
In base 3, what is -20022011011000 + -1100?
-20022011012100
In base 8, what is -100725126 + -1?
-100725127
In base 3, what is 100 - -12112021101111020?
12112021101111120
In base 8, what is 43420251 + -7?
43420242
In base 15, what is 4bbd1 - -44?
4bc25
In base 4, what is -11323313 + -12100?
-12002013
In base 7, what is 0 + -163351526?
-163351526
In base 13, what is -3b2a78 + b?
-3b2a6a
In base 8, what is -37425757 + -17?
-37425776
In base 3, what is -11102012122112 - -10?
-11102012122102
In base 6, what is 10532 + -220535?
-210003
In base 16, what is -440a96 - -14?
-440a82
In base 7, what is 451 - 5314?
-4533
In base 7, what is 52 + -5351466?
-5351414
In base 14, what is -35d7c + -65?
-36003
In base 9, what is -10523007 + -3?
-10523011
In base 10, what is -58275 - -59?
-58216
In base 13, what is 4b4 + -1078?
-894
In base 13, what is -2a726 + 122?
-2a604
In base 11, what is 15 - -45628aa?
4562914
In base 8, what is -346061 + -34?
-346115
In base 8, what is -2556674 - 37?
-2556733
In base 8, what is -433307 + -6126?
-441435
In base 2, what is -1101100100011000 + -111100110?
-1101101011111110
In base 3, what is 0 + 11120011021222?
11120011021222
In base 11, what is -11 - -14592?
14581
In base 9, what is -182 - -856?
664
In base 2, what is -10110 - 1110111101000111000?
-1110111101001001110
In base 8, what is -277 - -3531?
3232
In base 13, what is 3 - a54a441?
-a54a43b
In base 9, what is 2134 - 407635?
-405501
In base 3, what is -120101002 + -201221?
-121010000
In base 12, what is 3 + 48578?
4857b
In base 2, what is -10011001000000001010110 - 111?
-10011001000000001011101
In base 14, what is -14b63 + -204?
-14d67
In base 2, what is 10010001001001101011001100 - -110?
10010001001001101011010010
In base 3, what is 110021011210220020 - -12?
110021011210220102
In base 11, what is -79706077 + -2?
-79706079
In base 9, what is -34220 + 531?
-33578
In base 12, what is 2750a - 1b0a?
25600
In base 4, what is 2 - 21231212032?
-21231212030
In base 11, what is -400 - -166a?
126a
In base 10, what is 4 + -659271?
-659267
In base 10, what is 638 - -128472?
129110
In base 14, what is 5 - -43c30b2?
43c30b7
In base 15, what is 11 - -9433e?
94350
In base 13, what is -7b4717 + -16?
-7b4730
In base 3, what is -1100021 - 12011221111?
-12020021202
In base 4, what is 1301130301030 + 3?
1301130301033
In base 9, what is -25413011 + 5?
-25413005
In base 8, what is -36311474 - -136?
-36311336
In base 7, what is -3236503634 - -4?
-3236503630
In base 3, what is 1102 + -1012002110120201?
-1012002110112022
In base 8, what is 5 - 12003361?
-12003354
In base 13, what is -39 - -654b1b?
654ab2
In base 6, what is 3235324 - 11551?
3223333
In base 2, what is 11011111110111100001 - -11000010?
11011111111010100011
In base 3, what is -112101121121211 + 211?
-112101121121000
In base 7, what is 252 + -1405666?
-1405414
In base 5, what is 1 - 20443004204?
-20443004203
In base 13, what is 4 - 89a8575?
-89a8571
In base 13, what is 147 + -4201?
-4087
In base 7, what is 0 - 2365233064?
-2365233064
In base 16, what is 855 + e43?
1698
In base 3, what is 102 + -2002101002012211?
-2002101002012102
In base 7, what is -30 + -22403362?
-22403422
In base 4, what is 1120 + 11122231001?
11122232121
In base 2, what is -11101111001001010000101 + -101?
-11101111001001010001010
In base 11, what is -445 + -80417?
-80861
In base 7, what is -1101411 + -3010?
-1104421
In base 7, what is 13064 + -22605?
-6511
In base 11, what is 929 + 65732?
66560
In base 3, what is -11122110011 + 12022212?
-11110010022
In base 2, what is 1001 - -111100100010010100?
111100100010011101
In base 12, what is 6a730 - -17?
6a747
In base 3, what is 22 + 201222021100000?
201222021100022
In base 12, what is 3 - -4b2029?
4b2030
In base 8, what is 21 - -6425341?
6425362
In base 3, what is 222002210111000 + 1?
222002210111001
In base 10, what is -10 + 729335?
729325
In base 10, what is -82779 + -16?
-82795
In base 9, what is 240 - 147308?
-147058
In base 15, what is -cb31 + -48?
-cb79
In base 4, what is 122 + -302333231?
-302333103
In base 3, what is -22022 + 1111210100211?
1111210001112
In base 4, what is -22120332013 - -10?
-22120332003
In base 7, what is -500 + 6066046?
6065246
In base 14, what is 959 + 4bd?
1038
In base 13, what is 765334 - -29?
765360
In base 15, what is 548 + 10127?
10670
In base 3, what is -12 + -1112012110021122?
-1112012110021211
In base 9, what is -64847746 - -24?
-64847722
In base 5, what is -222 + 1111012321?
1111012044
In base 3, what is -22201212 + 10001222?
-12122220
In base 13, what is 185ac1 - a?
185ab4
In base 15, what is 5 + -17c038b?
-17c0386
In base 5, what is -4034 - 100034?
-104123
In base 5, what is -1134223 - -31002?
-1103221
In base 5, what is -2320232 - 22313?
-2343100
In base 5, what is -11114201311 - -4?
-11114201302
In base 16, what is 4 - 2b5e5?
-2b5e1
In base 10, what is -1176210432 + 2?
-1176210430
In base 9, what is -111224 + 435?
-110678
In base 5, what is -123402 + -34313?
-213220
In base 15, what is -1a3 - 1a83eb?
-1a859e
In base 2, what is 1001010100101000010000 - -1?
1001010100101000010001
In base 13, what is -4 + -537619?
-537620
In base 10, what is 9592022 + -4?
9592018
In base 5, what is 41 + -10110214?
-10110123
In base 5, what is -2 + 334240304423?
334240304421
In base 8, what is 51653 - -1507?
53362
In base 10, what is -195042 + 197?
-194845
In base 14, what is -1188 - b208?
-c392
In base 11, what is 2 + 454139?
454140
In base 12, what is 17706248 + 5?
17706251
In base 3, what is 2 - 1012012021021220?
-1012012021021211
In base 4, what is -111201123113 + 11?
-111201123102
In base 11, what is 30a47 + -239?
30809
In base 15, what is 16c53a + -1c?
16c51d
In base 11, what is 31950958 + -4?
31950954
In base 4, what is -3 + 33030233220?
33030233211
In base 16, what is 62fd + 64?
6361
In base 11, what is 178 + 7053?
7220
In base 14, what is -a68 - -ad7b3?
acb49
In base 10, what is 10808914 + -4?
10808910
In base 8, what is -5031765 + -1?
-5031766
In base 7, what is 55 + -40144?
-40056
In base 6, what is 351 + 4353031?
4353422
In base 7, what is 13042 + -40566?
-24524
In base 10, what is -538 + -627199?
-627737
In base 10, what is 326292372 + 5?
326292377
In base 14, what is -342 - dd5?
-1337
In base 16, what is 164f39c - -5?
164f3a1
In base 10, what is -448997 - 14?
-449011
In base 14, what is 719 + 6